b).
3
Let t(c) = -c - 2. Let m be 16/12 + (-38)/6. Let z be (-3 - m)*(-3)/(-2). Let g be (z - -1) + (5 - 4). Calculate t(g).
-7
Let z = 42 + -27. Suppose -5*w - 50 + z = 0. Let k be (w/14)/((-1)/(-10)). Let m(i) = -i**2 - 4*i + 2. Give m(k).
-3
Suppose 21 = 4*o - t, 18 = 5*o - t - 3*t. Let b(w) be the third derivative of 0*w - 9*w**2 + 0 + 1/60*w**5 - w**3 - 1/6*w**4. What is b(o)?
6
Suppose -2*x + 8 = -2*h - 6*x, -1 = -2*h - x. Suppose 4*s - 24 = -h*s. Let t(u) = 2*u + 2. Determine t(s).
10
Let k(z) = z. Let s be -5 + 9/3 - -20. Suppose -f - 3 = -2*g, 7 + s = 5*f. Suppose 5*o = g*v - 6, v + 18 = 3*v + 5*o. Calculate k(v).
4
Let w(f) be the second derivative of f**5/20 + f**4/2 + f**3/6 + 4*f**2 + 150*f. Suppose -15 = j - 6*j. Suppose c + 5 = 0, -1 = j*t - 2*t - c. Determine w(t).
2
Suppose 65 = 4*s - 43. Suppose -9 = -24*y + s*y. Let i(l) = -l**2 - 6*l + 4. Determine i(y).
13
Let g(n) = -4 + 0 - 3*n + 2*n. Let j(y) = -4*y**2 - 53*y - 14. Let t be j(-13). Let s(u) = 3*u**3 - u**2 - 4*u - 3. Let q be s(t). Determine g(q).
-1
Let l(b) = -2 - 3 - b + 0. Let m = -11 + 13. Suppose y = -3 - m. Calculate l(y).
0
Suppose -22*z - 12 = -25*z. Let m(p) = -6*p**3 - 6 + 11*p**3 - 4*p**3 + z*p + 7*p**2. Give m(-6).
6
Let u(l) be the second derivative of -l**4/12 - 4*l**3/3 + 7*l**2/2 - 139*l. What is u(-7)?
14
Let a(j) = 2*j**2 + 4*j + 3. Suppose 0 = -2*q - 10 - 0. Let m = 3 + q. Give a(m).
3
Suppose -138*t + 147*t + 45 = 0. Let g(m) = -m**3 - 5*m**2 + 6*m + 5. Calculate g(t).
-25
Let v be (-14)/(-63) - 86/(-18). Suppose 4*m - 10 = -v*p, -m = p - 3*p + 4. Let r(k) = m*k + 0*k - 1 + k**3 + 2. What is r(-2)?
-7
Suppose -4 = -r - 5. Let q(z) = 3*z**2 + 5*z + 1. Let u(p) = -2*p**2 - 6*p - 1. Let y(a) = 5*q(a) + 4*u(a). What is y(r)?
7
Suppose 0 = 104*z - 92*z - 24. Let y(x) = x**3 + 4*x - 3. Calculate y(z).
13
Let g(k) be the second derivative of -k**5/20 + k**4/12 + k**3/2 + k**2/2 + 13*k. Suppose 0 = -22*o + 16*o - 12. Determine g(o).
7
Suppose -4*p = -4, -p = -5*t + t + 31. Let v(d) = d**3 - 9*d**2 + 9*d - 7. Determine v(t).
1
Let f(v) = -5*v**2 - 6*v**2 - 1 + v**2. Let i be (-14)/(-14)*0/2 + -1. Let w be (3 + i)/(-8*(-7)/28). Determine f(w).
-11
Let b(a) be the second derivative of -a**5/20 + a**4/3 - a**3/6 - 5*a**2/2 - 122*a. Give b(4).
-9
Let u(l) = l**3 + 7*l**2 + 6*l + 3. Let q(h) = h**2 - 10*h + 5. Let z be q(12). Let x = z + -35. Determine u(x).
3
Let k(x) be the first derivative of 1/4*x**4 - 5/2*x**2 + x + 18 + x**3. Let h(r) = r - 2. Let q be h(-2). Determine k(q).
5
Let k(b) = -14*b - 40. Suppose 60*o + 4*u = 65*o + 19, 5*o = -3*u - 12. Calculate k(o).
2
Let o be (-3)/4*(5 - 1). Let f(q) = -5*q - 10. Let b(s) = 5*s - 4*s + 8*s + 5*s + 10 - 8*s. Let l(p) = o*f(p) - 2*b(p). Give l(-7).
-11
Let d(a) be the second derivative of a**5/20 + 11*a**4/12 + 3*a**3/2 + 7*a**2/2 - 5*a + 12. Calculate d(-10).
17
Let q(x) be the third derivative of -x**4/8 - 4*x**3/3 + x**2. Suppose -2*t + 8 = 4. Suppose 4*w = 5*z - 49, -z + t*z = 5. Determine q(w).
10
Suppose 2*z - 5*z - 15 = -2*n, n + z = 5. Let y be 9/6*(-12)/(-9). Let d(x) = 4 + 4 + 0 + 4*x - x**y + 0. Calculate d(n).
-4
Let u(g) be the first derivative of -g**3/3 + 4*g**2 - 8*g - 401. Determine u(8).
-8
Suppose 40 = 16*c - 40. Let j(z) be the first derivative of z**2/2 + z - 3. What is j(c)?
6
Let t(i) = 2*i**3 + i**2 + i + 14. Let j be t(0). Let k be (-7)/2 - (231/j)/(-11). Let b(w) = -w**3 + 2*w**2 + w + 1. What is b(k)?
15
Let g(q) be the third derivative of q**6/120 - q**5/12 - q**4/8 + 17*q**3/6 + 137*q**2. Calculate g(5).
2
Let t be 4 + 0 - (-8 - -10). Let c(q) = 3*q**3 - 3*q**2. Give c(t).
12
Let j(h) = -3*h**3 + 8*h**2 + 7*h. Let w(y) = 2*y**3 - 7*y**2 - 6*y + 1. Let b be 10/4 - (-1)/2. Let s(r) = b*j(r) + 4*w(r). What is s(-3)?
4
Let r(i) = -4*i + 2*i + 6*i + 4. Calculate r(-2).
-4
Suppose 0 = 3*i - 7*i + 8. Let t(r) be the third derivative of 0 - 1/6*r**3 - 1/24*r**4 + 3*r**2 + 0*r. Determine t(i).
-3
Let a(o) = -31*o**2 + 13*o**2 + 11*o**2 - 6*o**2 - 7 + 12*o**2 + 13*o. What is a(6)?
35
Let n(w) = -5*w**2 + 10*w**2 - w**3 + 34 - 4*w**2 + w. What is n(0)?
34
Suppose 0 = -23*r + 22*r + 8. Let o(i) = -18*i + r - 22 + 17*i. Let m be -3 + 2 + -7 - -2. Give o(m).
-8
Let b(k) = 4*k**2 + 9*k - 9. Suppose -p + f = 7, 3*p - 12 + 5 = -4*f. Let g(t) = -5*t**2 - 10*t + 10. Let i(c) = p*g(c) - 4*b(c). What is i(-6)?
6
Let f(c) = -2*c**2 + 10*c - 3. Let y(h) = -h**2 + 2*h - 2. Let u(g) = -f(g) + 3*y(g). What is u(-6)?
-15
Let b(c) = -12*c + 3. Let x(u) = 12*u - 4. Let s(v) = 4*b(v) + 3*x(v). Give s(2).
-24
Let d(s) be the third derivative of s**7/1680 - s**6/240 - 23*s**5/60 - 15*s**2. Let b(q) be the third derivative of d(q). What is b(2)?
3
Let p(v) = -v**3 - 15*v**2 + 78*v + 31. Let i be p(-19). Let f(g) = -5*g - 20. What is f(i)?
15
Let r(m) = -m**2 + 3. Suppose -a - h + 4*h - 3 = 0, 0 = 3*a + 2*h - 2. Calculate r(a).
3
Suppose -3*f + 362 - 392 = 0. Let h(j) = j + 9. Calculate h(f).
-1
Let x(u) = -4*u + 22 - 22 - 24. Let n(s) = 3*s + 16. Let i(w) = -7*n(w) - 5*x(w). Calculate i(5).
3
Let o(a) = 3*a + a**3 + 499*a**2 - a + 3 - 495*a**2. Give o(-3).
6
Suppose 4*d - 6 = 2, 6 = 4*s - 5*d. Suppose 0 = 8*c + 28 - s. Let b(n) = -2*n - 7. Let t(i) = -2*i - 6. Let y(o) = 4*b(o) - 5*t(o). Determine y(c).
-4
Let c(j) be the third derivative of j**5/60 + 3*j**4/4 + 11*j**3/3 + 571*j**2. Determine c(-16).
-10
Let z(b) = b**3 + b**2 + b - 1. Let i = -2 - -3. Let o(t) = 13*t**3 - t - 2. Let u(p) = i*o(p) - z(p). Let c be 2/((1 + 0)*-2). Calculate u(c).
-12
Suppose 3*u - 11 = -2, -2*u + 32 = 2*f. Let j(o) = o - 7. Determine j(f).
6
Suppose -3*b + 15 = x, -17 = -3*x + 2*b + 3*b. Let a be (-174)/x + 4/(-6). Let q = -28 - a. Let s(m) = -m**2 - 7*m + 11. Give s(q).
3
Let g(k) = 19*k - 1 - k**3 + 7 + 8*k**2 - 18*k - 8*k**2. Give g(0).
6
Let w(l) be the third derivative of -l**5/60 - 7*l**4/24 + 3*l**3/2 + 14*l**2 + 2*l. Calculate w(-8).
1
Let o(v) = -v - 9. Let w(g) = -g - 14. Let h(f) = 1. Let n(z) = 4*h(z) + w(z). Let u(t) = t - 16. Let l be u(10). Let y(d) = l*n(d) + 7*o(d). Give y(3).
-6
Let a(l) be the second derivative of l**5/10 - 25*l**4/12 - 7*l**3/3 + 4*l**2 + 168*l. What is a(13)?
-5
Let w(a) = -a**2 - 7*a. Suppose 12 = 14*g + 68. Calculate w(g).
12
Let x be 8/32 - 30/(-8). Let c(n) = n**3 - 24*n + x*n**2 - 2 + 5 + 18*n. Calculate c(-5).
8
Let z(a) be the first derivative of -3*a**2/2 - 3*a - 53. Suppose 5*k + 6 = -4. Give z(k).
3
Let k(q) = -7 - 5*q + 5*q + 2*q + 0. Determine k(5).
3
Let m(s) = s**3 + 3*s**2 - 4*s - 11. Let p(c) = -c**3 - 4*c**2 + 5*c + 12. Let a(n) = 5*m(n) + 4*p(n). Determine a(0).
-7
Let w(x) = -x**2 + 7*x + 2. Let o(j) = -j**2 + 7*j + 1. Suppose 26 = -6*r - 10. Let d(b) = r*w(b) + 5*o(b). Determine d(7).
-7
Suppose 3 = 4*n - n. Suppose -5*x + n = -14. Let z(t) be the first derivative of t**4/4 - 4*t**3/3 + 5*t**2/2 - 2*t - 112. Calculate z(x).
4
Let z(f) = 3*f - 7. Suppose 102*x - 96*x + 24 = 0. Let g be ((3 + x)*1)/(1/(-5)). Calculate z(g).
8
Let m(r) = -r**2 - 6*r + 2. Let i(l) = -l**3 - 20*l**2 - 19*l + 3. Let x be i(-19). Let w be (2/x)/2 + 30/(-9). Give m(w).
11
Suppose -35*i = -38*i - 3*s, -4*s = -2*i - 24. Let r(c) be the first derivative of -c**3/3 - 2*c**2 - 5*c + 1. Calculate r(i).
-5
Let l(n) = -8*n + 2. Let c(i) = 7*i - 2. Let s(r) = 7*c(r) + 6*l(r). Let t(q) = q - 2. Let p(m) = -6*s(m) + 5*t(m). Calculate p(0).
2
Let u(v) = -v**3 - 15*v**2 + 15*v - 14. Let b be u(-16). Let w(i) = -10 - 1 - 4 - i. Let k(f) = -1. Let o(t) = b*k(t) + w(t). Determine o(0).
-17
Let a(t) = 2*t**2 + 2*t + 3. Let n = -1026 + 1029. Determine a(n).
27
Let o(u) = -9*u**3 + 8*u**3 + 13*u**3 - 2*u**2 + u**2. Let j be 6/(-9) - (-16)/6. Let g = -1 + j. Give o(g).
11
Let h(b) be the third derivative of 0*b + 0 + 19*b**2 + 1/3*b**3 - 1/120*b**6 + 1/24*b**4 - 1/10*b**5. Calculate h(-6).
-4
Let m(s) = 108*s**2 - 64*s**2 - 37*s**2 + 9*s - 3*s + s**3. Determine m(-4).
24
Let h(q) = 2*q + 9. Suppose r + 6 = 2*r. Let t be ((-9)/r)/((-12)/64). Let o(f) = 5*f + 26. Let b(c) = t*h(c) - 3*o(c). Determine b(4).
-2
Suppose -3*w + 2*s + 191 = 0, -76 - 188 = -4*w + 5*s. Let r = w + -60. Let v(q) be the first derivative of -q**2/2 + q - 1. Give v(r).
0
Let l(c) = 11*c**2 - c. Let m(k) = 14*k + 16*k - 29*k + 12*k**2 - 11 - k*